
7
What is the remainder when 26128 is divided by 746?
18
Calculate the remainder when 576 is divided by 79.
23
What is the remainder when 388 is divided by 170?
48
What is the remainder when 90803 is divided by 320?
243
Calculate the remainder when 31626 is divided by 36.
18
Calculate the remainder when 2873 is divided by 158.
29
What is the remainder when 3291 is divided by 87?
72
Calculate the remainder when 220579 is divided by 10026.
7
What is the remainder when 10299 is divided by 3429?
12
What is the remainder when 2696 is divided by 56?
8
What is the remainder when 592 is divided by 513?
79
Calculate the remainder when 30500 is divided by 263.
255
Calculate the remainder when 74991 is divided by 652.
11
What is the remainder when 36362 is divided by 387?
371
Calculate the remainder when 253617 is divided by 36.
33
What is the remainder when 103206 is divided by 29?
24
Calculate the remainder when 1807 is divided by 817.
173
Calculate the remainder when 1083 is divided by 97.
16
What is the remainder when 483294 is divided by 34?
18
What is the remainder when 2801 is divided by 1307?
187
What is the remainder when 55976 is divided by 27772?
432
What is the remainder when 836694 is divided by 446?
444
Calculate the remainder when 8099 is divided by 67.
59
Calculate the remainder when 883 is divided by 821.
62
What is the remainder when 27289 is divided by 455?
444
Calculate the remainder when 1605273 is divided by 516.
513
What is the remainder when 3155913 is divided by 57?
51
Calculate the remainder when 46735 is divided by 2596.
7
What is the remainder when 1020 is divided by 516?
504
Calculate the remainder when 56944 is divided by 18977.
13
What is the remainder when 113761 is divided by 39?
37
What is the remainder when 29839 is divided by 80?
79
Calculate the remainder when 1257 is divided by 1253.
4
What is the remainder when 2071 is divided by 959?
153
Calculate the remainder when 343076 is divided by 14.
6
What is the remainder when 106935 is divided by 80?
55
Calculate the remainder when 4611329 is divided by 1183.
1178
Calculate the remainder when 7724 is divided by 102.
74
Calculate the remainder when 243279 is divided by 16.
15
Calculate the remainder when 236 is divided by 5.
1
What is the remainder when 28466 is divided by 1674?
8
Calculate the remainder when 1743 is divided by 1679.
64
Calculate the remainder when 1623 is divided by 15.
3
Calculate the remainder when 651 is divided by 5.
1
What is the remainder when 230532 is divided by 47?
44
What is the remainder when 15648 is divided by 1418?
50
What is the remainder when 186433 is divided by 46581?
109
What is the remainder when 2957 is divided by 596?
573
Calculate the remainder when 167945 is divided by 540.
5
Calculate the remainder when 543776 is divided by 5.
1
Calculate the remainder when 20466 is divided by 20397.
69
What is the remainder when 4649 is divided by 694?
485
What is the remainder when 1497223 is divided by 109?
108
Calculate the remainder when 2803 is divided by 112.
3
Calculate the remainder when 80188 is divided by 469.
458
What is the remainder when 2992 is divided by 434?
388
What is the remainder when 3326 is divided by 131?
51
Calculate the remainder when 60981 is divided by 316.
309
What is the remainder when 1373162 is divided by 59?
55
Calculate the remainder when 17311 is divided by 69.
61
Calculate the remainder when 517278 is divided by 61.
59
What is the remainder when 250039 is divided by 33?
31
What is the remainder when 34944 is divided by 92?
76
Calculate the remainder when 10466 is divided by 614.
28
What is the remainder when 3239 is divided by 270?
269
Calculate the remainder when 53727 is divided by 814.
3
What is the remainder when 3320 is divided by 2792?
528
What is the remainder when 17556 is divided by 439?
435
Calculate the remainder when 111608 is divided by 12378.
206
What is the remainder when 1308 is divided by 435?
3
Calculate the remainder when 18490 is divided by 23.
21
Calculate the remainder when 8284 is divided by 275.
34
What is the remainder when 63540 is divided by 935?
895
Calculate the remainder when 797 is divided by 269.
259
What is the remainder when 31772 is divided by 6340?
72
Calculate the remainder when 6440 is divided by 126.
14
Calculate the remainder when 6075 is divided by 112.
27
What is the remainder when 38966 is divided by 30?
26
Calculate the remainder when 20929 is divided by 625.
304
Calculate the remainder when 8387 is divided by 18.
17
What is the remainder when 7876 is divided by 3574?
728
Calculate the remainder when 127067 is divided by 22.
17
Calculate the remainder when 13812 is divided by 106.
32
What is the remainder when 35641 is divided by 38?
35
What is the remainder when 5820 is divided by 488?
452
What is the remainder when 20619 is divided by 55?
49
Calculate the remainder when 10873 is divided by 117.
109
Calculate the remainder when 23688 is divided by 93.
66
Calculate the remainder when 15101 is divided by 1404.
1061
What is the remainder when 52810 is divided by 52707?
103
Calculate the remainder when 4556 is divided by 758.
8
What is the remainder when 2657 is divided by 29?
18
What is the remainder when 7468 is divided by 1860?
28
What is the remainder when 1630 is divided by 164?
154
What is the remainder when 918 is divided by 71?
66
Calculate the remainder when 2381 is divided by 579.
65
What is the remainder when 4690 is divided by 105?
70
Calculate the remainder when 16121 is divided by 436.
425
Calculate the remainder when 71431 is divided by 1253.
10
What is the remainder when 23189 is divided by 215?
184
What is the remainder when 233 is divided by 232?
1
Calculate the remainder when 79541 is divided by 31.
26
Calculate the remainder when 1044 is divided by 635.
409
Calculate the remainder when 198927 is divided by 10.
7
What is the remainder when 611 is divided by 598?
13
Calculate the remainder when 116315 is divided by 58155.
5
What is the remainder when 146253 is divided by 7695?
48
What is the remainder when 347777 is divided by 329?
24
Calculate the remainder when 6970 is divided by 9.
4
Calculate the remainder when 11416 is divided by 589.
225
Calculate the remainder when 5912 is divided by 23.
1
Calculate the remainder when 467584 is divided by 68.
16
What is the remainder when 53647 is divided by 13?
9
Calculate the remainder when 5801 is divided by 737.
642
What is the remainder when 2783935 is divided by 289?
287
Calculate the remainder when 42082 is divided by 22.
18
Calculate the remainder when 167468 is divided by 2701.
6
What is the remainder when 1460 is divided by 28?
4
Calculate the remainder when 107576 is divided by 21511.
21
Calculate the remainder when 104938 is divided by 477.
475
What is the remainder when 1537733 is divided by 3251?
10
What is the remainder when 28755 is divided by 57?
27
What is the remainder when 18067 is divided by 72?
67
Calculate the remainder when 1052 is divided by 374.
304
What is the remainder when 14610 is divided by 1212?
66
Calculate the remainder when 36157 is divided by 41.
36
What is the remainder when 66735 is divided by 162?
153
What is the remainder when 10113 is divided by 3351?
60
Calculate the remainder when 640646 is divided by 7.
6
Calculate the remainder when 40213 is divided by 2359.
110
What is the remainder when 708 is divided by 23?
18
Calculate the remainder when 65678 is divided by 782.
772
What is the remainder when 9977 is divided by 1151?
769
Calculate the remainder when 53096 is divided by 13168.
424
Calculate the remainder when 14531 is divided by 3491.
567
Calculate the remainder when 4432 is divided by 89.
71
What is the remainder when 344567 is divided by 216?
47
Calculate the remainder when 15936 is divided by 289.
41
What is the remainder when 38121 is divided by 643?
184
Calculate the remainder when 24268 is divided by 40.
28
What is the remainder when 56614 is divided by 337?
335
What is the remainder when 10609 is divided by 959?
60
Calculate the remainder when 18754 is divided by 138.
124
Calculate the remainder when 125579 is divided by 225.
29
What is the remainder when 105147 is divided by 13136?
59
Calculate the remainder when 13348 is divided by 228.
124
Calculate t